{"id":76,"date":"2017-06-23T17:50:10","date_gmt":"2017-06-23T17:50:10","guid":{"rendered":"http:\/\/bernabeinformatica.com\/bernabe-nova\/?page_id=76"},"modified":"2023-11-25T22:26:32","modified_gmt":"2023-11-25T22:26:32","slug":"telefonia-e-insumos","status":"publish","type":"page","link":"https:\/\/bernabeinformatica.com\/bernabe-nova\/telefonia-e-insumos\/","title":{"rendered":"Telefon\u00eda e Insumos"},"content":{"rendered":"<p>[et_pb_section fb_built=\u00bb1&#8243; _builder_version=\u00bb3.22&#8243; background_image=\u00bbhttp:\/\/bernabeinformatica.com\/bernabe-nova\/wp-content\/uploads\/2017\/07\/insumos-accesorios-bernabe-informatica.jpg\u00bb background_position=\u00bbcenter_left\u00bb background_blend=\u00bbmultiply\u00bb custom_padding=\u00bb80px||80px|\u00bb][et_pb_row _builder_version=\u00bb3.25&#8243; background_color=\u00bbrgba(224,53,44,0.84)\u00bb background_size=\u00bbinitial\u00bb background_position=\u00bbtop_left\u00bb background_repeat=\u00bbrepeat\u00bb max_width=\u00bb604px\u00bb custom_margin=\u00bb|||\u00bb custom_padding=\u00bb40px||40px|\u00bb use_custom_width=\u00bbon\u00bb custom_width_px=\u00bb604px\u00bb][et_pb_column type=\u00bb4_4&#8243; _builder_version=\u00bb3.25&#8243; custom_padding=\u00bb|||\u00bb custom_padding__hover=\u00bb|||\u00bb][et_pb_text _builder_version=\u00bb3.27.4&#8243; text_font_size=\u00bb40px\u00bb text_letter_spacing=\u00bb3px\u00bb background_size=\u00bbinitial\u00bb background_position=\u00bbtop_left\u00bb background_repeat=\u00bbrepeat\u00bb text_orientation=\u00bbcenter\u00bb background_layout=\u00bbdark\u00bb module_alignment=\u00bbcenter\u00bb border_style=\u00bbsolid\u00bb]<strong>TELEFON\u00cdA E INSUMOS<br \/>\n<\/strong><br \/>\n[\/et_pb_text][\/et_pb_column][\/et_pb_row][\/et_pb_section][et_pb_section fb_built=\u00bb1&#8243; _builder_version=\u00bb3.22&#8243;][et_pb_row _builder_version=\u00bb3.25&#8243; background_size=\u00bbinitial\u00bb background_position=\u00bbtop_left\u00bb background_repeat=\u00bbrepeat\u00bb][et_pb_column type=\u00bb4_4&#8243; _builder_version=\u00bb3.25&#8243; custom_padding=\u00bb|||\u00bb custom_padding__hover=\u00bb|||\u00bb][et_pb_text _builder_version=\u00bb3.27.4&#8243; text_font_size=\u00bb20&#8243; text_letter_spacing=\u00bb1px\u00bb text_orientation=\u00bbjustified\u00bb border_style=\u00bbsolid\u00bb]En este tiempo de cambios tecnol\u00f3gicos, la comunicaci\u00f3n esta en proceso de evoluci\u00f3n y es un punto muy importante dentro del desarrollo, es por eso que nosotros avanzamos de la mano con un gran stock de equipos de <strong>TELEFONIA MOVIL \u2013 TELEFONIA FIJA \u2013 TELEFONIA IP<\/strong>.<\/p>\n<p>Tambi\u00e9n ofrecemos una amplia variedad de <strong>insumos<\/strong> <strong>tecnol\u00f3gicos<\/strong> e <strong>inform\u00e1ticos<\/strong> al <strong>mejor precio<\/strong>. Ven\u00ed a visitarnos a nuestro local y un vendedor te va a asesorar eficientemente, no dudes en preguntarnos.<\/p>\n<p>En Bernab\u00e9 pod\u00e9s encontrar:<br \/>\n[\/et_pb_text][\/et_pb_column][\/et_pb_row][et_pb_row column_structure=\u00bb1_2,1_2&#8243; _builder_version=\u00bb3.25&#8243; background_size=\u00bbinitial\u00bb background_position=\u00bbtop_left\u00bb background_repeat=\u00bbrepeat\u00bb][et_pb_column type=\u00bb1_2&#8243; _builder_version=\u00bb3.25&#8243; custom_padding=\u00bb|||\u00bb custom_padding__hover=\u00bb|||\u00bb][et_pb_text _builder_version=\u00bb3.27.4&#8243; text_font_size=\u00bb22&#8243; text_letter_spacing=\u00bb1px\u00bb border_style=\u00bbsolid\u00bb]<img loading=\"lazy\" decoding=\"async\" class=\"alignnone wp-image-116072\" src=\"http:\/\/bernabeinformatica.com\/bernabe-nova\/wp-content\/uploads\/2017\/07\/success-300x300.png\" alt=\"\" width=\"21\" height=\"21\" srcset=\"https:\/\/bernabeinformatica.com\/bernabe-nova\/wp-content\/uploads\/2017\/07\/success-300x300.png 300w, https:\/\/bernabeinformatica.com\/bernabe-nova\/wp-content\/uploads\/2017\/07\/success-150x150.png 150w, https:\/\/bernabeinformatica.com\/bernabe-nova\/wp-content\/uploads\/2017\/07\/success.png 512w\" sizes=\"auto, (max-width: 21px) 100vw, 21px\" \/> Equipos Fijos e Inal\u00e1mbricos<\/p>\n<p><img loading=\"lazy\" decoding=\"async\" class=\"alignnone wp-image-116072\" src=\"http:\/\/bernabeinformatica.com\/bernabe-nova\/wp-content\/uploads\/2017\/07\/success-300x300.png\" alt=\"\" width=\"21\" height=\"21\" srcset=\"https:\/\/bernabeinformatica.com\/bernabe-nova\/wp-content\/uploads\/2017\/07\/success-300x300.png 300w, https:\/\/bernabeinformatica.com\/bernabe-nova\/wp-content\/uploads\/2017\/07\/success-150x150.png 150w, https:\/\/bernabeinformatica.com\/bernabe-nova\/wp-content\/uploads\/2017\/07\/success.png 512w\" sizes=\"auto, (max-width: 21px) 100vw, 21px\" \/> Instalaci\u00f3n de Telefon\u00eda<\/p>\n<p><img loading=\"lazy\" decoding=\"async\" class=\"alignnone wp-image-116072\" src=\"http:\/\/bernabeinformatica.com\/bernabe-nova\/wp-content\/uploads\/2017\/07\/success-300x300.png\" alt=\"\" width=\"21\" height=\"21\" srcset=\"https:\/\/bernabeinformatica.com\/bernabe-nova\/wp-content\/uploads\/2017\/07\/success-300x300.png 300w, https:\/\/bernabeinformatica.com\/bernabe-nova\/wp-content\/uploads\/2017\/07\/success-150x150.png 150w, https:\/\/bernabeinformatica.com\/bernabe-nova\/wp-content\/uploads\/2017\/07\/success.png 512w\" sizes=\"auto, (max-width: 21px) 100vw, 21px\" \/> Porteros El\u00e9ctricos<\/p>\n<p><img loading=\"lazy\" decoding=\"async\" class=\"alignnone wp-image-116072\" src=\"http:\/\/bernabeinformatica.com\/bernabe-nova\/wp-content\/uploads\/2017\/07\/success-300x300.png\" alt=\"\" width=\"21\" height=\"21\" srcset=\"https:\/\/bernabeinformatica.com\/bernabe-nova\/wp-content\/uploads\/2017\/07\/success-300x300.png 300w, https:\/\/bernabeinformatica.com\/bernabe-nova\/wp-content\/uploads\/2017\/07\/success-150x150.png 150w, https:\/\/bernabeinformatica.com\/bernabe-nova\/wp-content\/uploads\/2017\/07\/success.png 512w\" sizes=\"auto, (max-width: 21px) 100vw, 21px\" \/> Servicio y Mantenimiento<\/p>\n<p><img loading=\"lazy\" decoding=\"async\" class=\"alignnone wp-image-116072\" src=\"http:\/\/bernabeinformatica.com\/bernabe-nova\/wp-content\/uploads\/2017\/07\/success-300x300.png\" alt=\"\" width=\"21\" height=\"21\" srcset=\"https:\/\/bernabeinformatica.com\/bernabe-nova\/wp-content\/uploads\/2017\/07\/success-300x300.png 300w, https:\/\/bernabeinformatica.com\/bernabe-nova\/wp-content\/uploads\/2017\/07\/success-150x150.png 150w, https:\/\/bernabeinformatica.com\/bernabe-nova\/wp-content\/uploads\/2017\/07\/success.png 512w\" sizes=\"auto, (max-width: 21px) 100vw, 21px\" \/> Cableado Telef\u00f3nico<\/p>\n<p><img loading=\"lazy\" decoding=\"async\" class=\"alignnone wp-image-116072\" src=\"http:\/\/bernabeinformatica.com\/bernabe-nova\/wp-content\/uploads\/2017\/07\/success-300x300.png\" alt=\"\" width=\"21\" height=\"21\" srcset=\"https:\/\/bernabeinformatica.com\/bernabe-nova\/wp-content\/uploads\/2017\/07\/success-300x300.png 300w, https:\/\/bernabeinformatica.com\/bernabe-nova\/wp-content\/uploads\/2017\/07\/success-150x150.png 150w, https:\/\/bernabeinformatica.com\/bernabe-nova\/wp-content\/uploads\/2017\/07\/success.png 512w\" sizes=\"auto, (max-width: 21px) 100vw, 21px\" \/> Equipos de Alta y Mediana Gama<\/p>\n<p><img loading=\"lazy\" decoding=\"async\" class=\"alignnone wp-image-116072\" src=\"http:\/\/bernabeinformatica.com\/bernabe-nova\/wp-content\/uploads\/2017\/07\/success-300x300.png\" alt=\"\" width=\"21\" height=\"21\" srcset=\"https:\/\/bernabeinformatica.com\/bernabe-nova\/wp-content\/uploads\/2017\/07\/success-300x300.png 300w, https:\/\/bernabeinformatica.com\/bernabe-nova\/wp-content\/uploads\/2017\/07\/success-150x150.png 150w, https:\/\/bernabeinformatica.com\/bernabe-nova\/wp-content\/uploads\/2017\/07\/success.png 512w\" sizes=\"auto, (max-width: 21px) 100vw, 21px\" \/> Accesorios y Reparaciones Propias<br \/>\n[\/et_pb_text][\/et_pb_column][et_pb_column type=\u00bb1_2&#8243; _builder_version=\u00bb3.25&#8243; custom_padding=\u00bb|||\u00bb custom_padding__hover=\u00bb|||\u00bb][et_pb_text _builder_version=\u00bb3.27.4&#8243; text_font_size=\u00bb22&#8243; text_letter_spacing=\u00bb1px\u00bb border_style=\u00bbsolid\u00bb]<img loading=\"lazy\" decoding=\"async\" class=\"alignnone wp-image-116072\" src=\"http:\/\/bernabeinformatica.com\/bernabe-nova\/wp-content\/uploads\/2017\/07\/success-300x300.png\" alt=\"\" width=\"21\" height=\"21\" srcset=\"https:\/\/bernabeinformatica.com\/bernabe-nova\/wp-content\/uploads\/2017\/07\/success-300x300.png 300w, https:\/\/bernabeinformatica.com\/bernabe-nova\/wp-content\/uploads\/2017\/07\/success-150x150.png 150w, https:\/\/bernabeinformatica.com\/bernabe-nova\/wp-content\/uploads\/2017\/07\/success.png 512w\" sizes=\"auto, (max-width: 21px) 100vw, 21px\" \/> Cartuchos<\/p>\n<p><img loading=\"lazy\" decoding=\"async\" class=\"alignnone wp-image-116072\" src=\"http:\/\/bernabeinformatica.com\/bernabe-nova\/wp-content\/uploads\/2017\/07\/success-300x300.png\" alt=\"\" width=\"21\" height=\"21\" srcset=\"https:\/\/bernabeinformatica.com\/bernabe-nova\/wp-content\/uploads\/2017\/07\/success-300x300.png 300w, https:\/\/bernabeinformatica.com\/bernabe-nova\/wp-content\/uploads\/2017\/07\/success-150x150.png 150w, https:\/\/bernabeinformatica.com\/bernabe-nova\/wp-content\/uploads\/2017\/07\/success.png 512w\" sizes=\"auto, (max-width: 21px) 100vw, 21px\" \/> Recarga de cartuchos y t\u00f3ner<\/p>\n<p><img loading=\"lazy\" decoding=\"async\" class=\"alignnone wp-image-116072\" src=\"http:\/\/bernabeinformatica.com\/bernabe-nova\/wp-content\/uploads\/2017\/07\/success-300x300.png\" alt=\"\" width=\"21\" height=\"21\" srcset=\"https:\/\/bernabeinformatica.com\/bernabe-nova\/wp-content\/uploads\/2017\/07\/success-300x300.png 300w, https:\/\/bernabeinformatica.com\/bernabe-nova\/wp-content\/uploads\/2017\/07\/success-150x150.png 150w, https:\/\/bernabeinformatica.com\/bernabe-nova\/wp-content\/uploads\/2017\/07\/success.png 512w\" sizes=\"auto, (max-width: 21px) 100vw, 21px\" \/> Sistemas cont\u00ednuos<\/p>\n<p><img loading=\"lazy\" decoding=\"async\" class=\"alignnone wp-image-116072\" src=\"http:\/\/bernabeinformatica.com\/bernabe-nova\/wp-content\/uploads\/2017\/07\/success-300x300.png\" alt=\"\" width=\"21\" height=\"21\" srcset=\"https:\/\/bernabeinformatica.com\/bernabe-nova\/wp-content\/uploads\/2017\/07\/success-300x300.png 300w, https:\/\/bernabeinformatica.com\/bernabe-nova\/wp-content\/uploads\/2017\/07\/success-150x150.png 150w, https:\/\/bernabeinformatica.com\/bernabe-nova\/wp-content\/uploads\/2017\/07\/success.png 512w\" sizes=\"auto, (max-width: 21px) 100vw, 21px\" \/> Conectividad<\/p>\n<p><img loading=\"lazy\" decoding=\"async\" class=\"alignnone wp-image-116072\" src=\"http:\/\/bernabeinformatica.com\/bernabe-nova\/wp-content\/uploads\/2017\/07\/success-300x300.png\" alt=\"\" width=\"21\" height=\"21\" srcset=\"https:\/\/bernabeinformatica.com\/bernabe-nova\/wp-content\/uploads\/2017\/07\/success-300x300.png 300w, https:\/\/bernabeinformatica.com\/bernabe-nova\/wp-content\/uploads\/2017\/07\/success-150x150.png 150w, https:\/\/bernabeinformatica.com\/bernabe-nova\/wp-content\/uploads\/2017\/07\/success.png 512w\" sizes=\"auto, (max-width: 21px) 100vw, 21px\" \/> Y mucho m\u00e1s&#8230;<br \/>\n[\/et_pb_text][\/et_pb_column][\/et_pb_row][\/et_pb_section][et_pb_section fb_built=\u00bb1&#8243; _builder_version=\u00bb3.22&#8243; custom_padding=\u00bb0px|1px|0px|0px\u00bb][et_pb_row use_custom_gutter=\u00bbon\u00bb gutter_width=\u00bb1&#8243; module_class=\u00bb et_pb_row_fullwidth\u00bb _builder_version=\u00bb3.25&#8243; width=\u00bb100%\u00bb width_tablet=\u00bb100%\u00bb width_phone=\u00bb\u00bb width_last_edited=\u00bbon|desktop\u00bb max_width=\u00bb100%\u00bb max_width_tablet=\u00bb100%\u00bb max_width_phone=\u00bb\u00bb max_width_last_edited=\u00bbon|desktop\u00bb custom_margin=\u00bb0px|1px|0px|0px\u00bb make_fullwidth=\u00bbon\u00bb][et_pb_column type=\u00bb4_4&#8243; _builder_version=\u00bb3.25&#8243; background_position=\u00bbtop_left\u00bb custom_padding=\u00bb|||\u00bb custom_padding__hover=\u00bb|||\u00bb][et_pb_gallery gallery_ids=\u00bb116475,116293,116473,116477,116371,116374,116373,116372&#8243; posts_number=\u00bb8&#8243; show_title_and_caption=\u00bboff\u00bb show_pagination=\u00bboff\u00bb zoom_icon_color=\u00bb#a90000&#8243; hover_icon=\u00bb%%51%%\u00bb _builder_version=\u00bb4.4.6&#8243; hover_enabled=\u00bb0&#8243; border_width_all=\u00bb1px\u00bb border_color_all=\u00bb#ff6d6d\u00bb border_style_all=\u00bbsolid\u00bb use_border_color=\u00bbon\u00bb border_color=\u00bb#ff6d6d\u00bb border_style=\u00bbsolid\u00bb][\/et_pb_gallery][\/et_pb_column][\/et_pb_row][\/et_pb_section][et_pb_section fb_built=\u00bb1&#8243; admin_label=\u00bbsection\u00bb _builder_version=\u00bb3.0.74&#8243; background_color=\u00bb#3c3d41&#8243; custom_padding=\u00bb0px||0px|\u00bb custom_padding_tablet=\u00bb0px||0px|\u00bb padding_mobile=\u00bbon\u00bb global_module=\u00bb3910&#8243;][\/et_pb_section]<\/p>\n","protected":false},"excerpt":{"rendered":"<p>[et_pb_section fb_built=\u00bb1&#8243; _builder_version=\u00bb3.22&#8243; background_image=\u00bbhttp:\/\/bernabeinformatica.com\/bernabe-nova\/wp-content\/uploads\/2017\/07\/insumos-accesorios-bernabe-informatica.jpg\u00bb background_position=\u00bbcenter_left\u00bb background_blend=\u00bbmultiply\u00bb custom_padding=\u00bb80px||80px|\u00bb][et_pb_row _builder_version=\u00bb3.25&#8243; background_color=\u00bbrgba(224,53,44,0.84)\u00bb background_size=\u00bbinitial\u00bb background_position=\u00bbtop_left\u00bb background_repeat=\u00bbrepeat\u00bb max_width=\u00bb604px\u00bb custom_margin=\u00bb|||\u00bb custom_padding=\u00bb40px||40px|\u00bb use_custom_width=\u00bbon\u00bb custom_width_px=\u00bb604px\u00bb][et_pb_column type=\u00bb4_4&#8243; _builder_version=\u00bb3.25&#8243; custom_padding=\u00bb|||\u00bb custom_padding__hover=\u00bb|||\u00bb][et_pb_text _builder_version=\u00bb3.27.4&#8243; text_font_size=\u00bb40px\u00bb text_letter_spacing=\u00bb3px\u00bb background_size=\u00bbinitial\u00bb background_position=\u00bbtop_left\u00bb background_repeat=\u00bbrepeat\u00bb text_orientation=\u00bbcenter\u00bb background_layout=\u00bbdark\u00bb module_alignment=\u00bbcenter\u00bb border_style=\u00bbsolid\u00bb]TELEFON\u00cdA E INSUMOS [\/et_pb_text][\/et_pb_column][\/et_pb_row][\/et_pb_section][et_pb_section fb_built=\u00bb1&#8243; _builder_version=\u00bb3.22&#8243;][et_pb_row _builder_version=\u00bb3.25&#8243; background_size=\u00bbinitial\u00bb background_position=\u00bbtop_left\u00bb background_repeat=\u00bbrepeat\u00bb][et_pb_column type=\u00bb4_4&#8243; _builder_version=\u00bb3.25&#8243; custom_padding=\u00bb|||\u00bb custom_padding__hover=\u00bb|||\u00bb][et_pb_text _builder_version=\u00bb3.27.4&#8243; text_font_size=\u00bb20&#8243; text_letter_spacing=\u00bb1px\u00bb text_orientation=\u00bbjustified\u00bb border_style=\u00bbsolid\u00bb]En este tiempo de cambios tecnol\u00f3gicos, la [&hellip;]<\/p>\n","protected":false},"author":1,"featured_media":0,"parent":0,"menu_order":0,"comment_status":"closed","ping_status":"closed","template":"","meta":{"_et_pb_use_builder":"on","_et_pb_old_content":"","_et_gb_content_width":"","footnotes":""},"class_list":["post-76","page","type-page","status-publish","hentry"],"_links":{"self":[{"href":"https:\/\/bernabeinformatica.com\/bernabe-nova\/wp-json\/wp\/v2\/pages\/76","targetHints":{"allow":["GET"]}}],"collection":[{"href":"https:\/\/bernabeinformatica.com\/bernabe-nova\/wp-json\/wp\/v2\/pages"}],"about":[{"href":"https:\/\/bernabeinformatica.com\/bernabe-nova\/wp-json\/wp\/v2\/types\/page"}],"author":[{"embeddable":true,"href":"https:\/\/bernabeinformatica.com\/bernabe-nova\/wp-json\/wp\/v2\/users\/1"}],"replies":[{"embeddable":true,"href":"https:\/\/bernabeinformatica.com\/bernabe-nova\/wp-json\/wp\/v2\/comments?post=76"}],"version-history":[{"count":31,"href":"https:\/\/bernabeinformatica.com\/bernabe-nova\/wp-json\/wp\/v2\/pages\/76\/revisions"}],"predecessor-version":[{"id":116491,"href":"https:\/\/bernabeinformatica.com\/bernabe-nova\/wp-json\/wp\/v2\/pages\/76\/revisions\/116491"}],"wp:attachment":[{"href":"https:\/\/bernabeinformatica.com\/bernabe-nova\/wp-json\/wp\/v2\/media?parent=76"}],"curies":[{"name":"wp","href":"https:\/\/api.w.org\/{rel}","templated":true}]}}